
Suppose 0 = 3*l + 2*i - 5, 3*l - 5*i = -3*i + 25. What are the prime factors of (-8)/(-10)*(450/4)/l?
2, 3
Let j(g) = -g**3 - 12*g**2 - 6*g - 70. Let a be j(-12). Suppose -4*x + 4*p = -2416, -4*p + 2400 = a*x + 2*x. What are the prime factors of x?
2, 7, 43
Let a be (-42)/(-4)*(14 + 4). Let b be (2/((-6)/47))/((-7)/a). Suppose -111 = 8*p - b. What are the prime factors of p?
3, 13
Let s(o) = -o**3 + 6*o**2 + 7*o - 2. Let w be s(7). Let r be -2 - -5 - -5 - w. Suppose -r*h + h = -1845. List the prime factors of h.
5, 41
Let l(q) = 19*q**2 - 30*q - 6. Let k(d) = -14*d + 95. Let u be k(7). What are the prime factors of l(u)?
3, 5, 17
Suppose -4*f - n = -12416, -n = 63 - 67. What are the prime factors of f?
29, 107
Let p = -27052 + 43912. List the prime factors of p.
2, 3, 5, 281
Let c(i) = 2*i - 17. Let h = -55 + 66. Let l be c(h). Suppose o = l*o - 4*z - 76, 0 = -5*z + 10. List the prime factors of o.
3, 7
Let v = 17 + -5. Suppose 4*q - q - v = 0, -4*q = 4*z - 12. List the prime factors of z/3 - (3 + (-134)/6).
19
Suppose 4*q = h - 5*h + 1548, -1944 = -5*h - 2*q. Let b be ((-26)/39)/((-2)/h - 0). List the prime factors of b/((-3 - -7) + -3).
2, 5, 13
Let v(x) = -x**2 + 18*x + 24. Suppose -11*r + 3*r + 144 = 0. Let y be v(r). Suppose -25*u + 118 = -y*u. List the prime factors of u.
2, 59
Let t(m) = -85*m**3 - 7*m**2 - 122*m - 452. What are the prime factors of t(-4)?
2, 3, 149
Let g be 20*((-19)/2 - -6). List the prime factors of (-4 - -91 - -4)*g/(-7).
2, 5, 7, 13
Let a(z) = -18*z**2 - 2*z + 31. Let x be a(-6). Let f = -311 - x. What are the prime factors of f?
2, 3, 7
What are the prime factors of (25544 - -2) + (1 - 14)?
3, 2837
Let b = -5596 - -12041. What are the prime factors of b?
5, 1289
Suppose 2*k - 5470 = 3*n, 2*k + 3*n - 5494 = -0*n. Suppose -6*i = -k + 371. List the prime factors of i.
5, 79
Let i(m) = 174*m**2 - 6*m - 31. What are the prime factors of i(6)?
6197
Let i = 4352 + 7943. List the prime factors of i.
5, 2459
List the prime factors of 18/144 + ((-13)/(-2))/(28/61565).
2, 3, 397
List the prime factors of (1027083/74 + -13)/((-2)/(-4)).
27733
Let d = 86 + -133. Let y = d + 95. List the prime factors of 1/(-1) + (y - 1).
2, 23
List the prime factors of (12/(-5))/(160/(-1055400)).
3, 1759
Suppose -11*p = -9*p - 8. Suppose -4*u - 1122 = -3*v, -u - p*v - 182 = 108. Let w = -173 - u. What are the prime factors of w?
109
Suppose 168278 = 16*r + 51*r - 109102. What are the prime factors of r?
2, 3, 5, 23
Let d = 106 - 103. Let g be 705/9 + d + 4/6. Suppose g = q - 92. What are the prime factors of q?
2, 3, 29
Suppose 68*y - 39*y - 232 = 0. What are the prime factors of (-4 - -478)*y/6?
2, 79
Let b(y) = 44*y**2. Let z be b(1). Suppose 10 = -2*m, -2*s + m - 195 = 3*s. Let c = z + s. List the prime factors of c.
2
Suppose -5*c + 252035 = 9*t - 4*t, -151197 = -3*t + 5*c. What are the prime factors of t?
2, 12601
Suppose 26 = -7*p - 9. Let c be 3*(-1 + 0) - (-183 - p). Let b = 330 - c. What are the prime factors of b?
5, 31
Suppose -140*z + 5*g = -139*z - 4886, 5*z - 2*g = 24407. List the prime factors of z.
3, 1627
Suppose 56*v + 143757 - 547349 = 0. List the prime factors of v.
7207
Let c(f) = 2*f**3 + 34*f**2 + 22*f + 36. Let h be c(-16). Suppose 2*q - h = 1124. What are the prime factors of q?
2, 3, 5, 11
Suppose -34*p + 450692 = 34090. What are the prime factors of p?
12253
Suppose 0 = 7*a + 5*a - 1704. List the prime factors of 53*5 - a/71.
263
Suppose -d - d + 5466 = -56150. What are the prime factors of d?
2, 3851
Let f(v) = v**2 + 5*v - 18. Let n = 82 - 73. Let a be f(n). Suppose 540 = 5*g - z, g - 2*g + a = z. What are the prime factors of g?
2, 3
Let k be (-36)/8*2/3. Let a(m) = 2*m**2 + 5*m - 3. Let f be a(k). Suppose 5*z - z - 12 = -n, f = 4*z + 12. List the prime factors of n.
2, 3
Let m be 6/(-12)*2*(151 + 2). Let p = 61 - m. What are the prime factors of p?
2, 107
Suppose 3*a = 7*d - 5*d + 12, d = -4*a + 5. Suppose a*n + 1828 + 764 = 2*t, -3912 = -3*t - 5*n. List the prime factors of t.
3, 433
Let m(f) = -f**3 - 10*f**2 - 2*f - 20. Let z be m(-10). Suppose -y = -z*y - 32. List the prime factors of (y/12 - 2) + (-1389)/(-9).
5, 31
Let c(g) = 300*g + 573. What are the prime factors of c(18)?
3, 11, 181
Suppose -4*i + 4*k + 44336 = 0, 9*k - 12 = 12*k. What are the prime factors of i?
2, 5, 277
Let c(x) = -4*x**2 - 78*x - 33. Let l be c(-19). Suppose 0*u = -l*u + 2020. List the prime factors of u.
2, 101
Let v(t) = t**2 + 7*t + 52. Suppose -3*r + z - 50 = 79, 0 = -2*z. Let s = -55 - r. What are the prime factors of v(s)?
2, 7
Suppose 26*t - 30*t + 540 = 0. List the prime factors of t/(-2)*(-210)/21.
3, 5
List the prime factors of 21/19 + -1 - (-41)/(2337/2081691).
59, 619
Let q(a) = 185*a**3 - 2*a**2 + 4*a + 3. What are the prime factors of q(2)?
1483
Let h(u) = -3*u - 4. Let i be h(-3). Let v(k) = 2*k**2 - 8*k - 10. Let x be v(i). Suppose 73*l - 74*l + 159 = x. What are the prime factors of l?
3, 53
Let l be (8 + -11)*(-230)/6. Let v = 79 + l. List the prime factors of v.
2, 97
Let f be 76*(-10)/3*18/(-16). Suppose m + 455 = 5*y - f, -m + y = 760. What are the prime factors of m/30*14/(-3)?
7, 17
Suppose 0 = -3*t - 3*f + 205965, -43*t + f - 343303 = -48*t. What are the prime factors of t?
2, 11, 3121
Let t(z) = z**3 - 13*z**2 - z + 18. Let r be t(13). What are the prime factors of -3 + (-5)/r + 181?
3, 59
Let d be 63/(-14)*14434/(-63). Suppose -5*v + 554 = -d. List the prime factors of v.
317
Suppose -64*m + 62*m = -68. Suppose 0 = -n - 32*j + m*j + 1943, 5*n - 3*j - 9743 = 0. What are the prime factors of n?
1951
Let f(d) = 1387*d - 42. Let c be f(6). Suppose c - 34728 = -24*n. What are the prime factors of n?
2, 19, 29
Let w(v) = -4*v + 10. Let h(b) = -b + 2. Let q(o) = o - 1. Let m(z) = -2*h(z) - 3*q(z). Let g(k) = -3*m(k) + w(k). List the prime factors of g(7).
2, 3
Let u(d) be the first derivative of -d**3/3 - 2*d**2 + 11*d - 16. Let i be u(-5). Suppose 9*o = i*o + 333. List the prime factors of o.
3, 37
Let x(p) be the first derivative of 19*p**3/3 + 13*p**2/2 + 2*p - 100. List the prime factors of x(4).
2, 179
Let y = 1283 - -4116. List the prime factors of y.
5399
Let c(o) be the first derivative of o**4/2 - 2*o**3/3 + 2*o - 9. Let p be c(3). Suppose m - p - 63 = 0. What are the prime factors of m?
101
Let t(c) = 497*c**3 + 18*c + 21*c - 2 - 36*c. Let z be t(1). Suppose -3*r + v + v = -z, v - 325 = -2*r. List the prime factors of r.
2, 41
Suppose d = 4*n - 184127, 0 = -2*n - 469*d + 465*d + 92032. What are the prime factors of n?
2, 5, 4603
Let i(r) = 6628*r**3 + r**2 - 2*r. What are the prime factors of i(1)?
3, 47
Suppose 0 = 4*f + 5*j - 22387, 2*f + 2*j - 12954 + 1758 = 0. What are the prime factors of f?
13, 431
Suppose 0 = -7*u + 1367 + 334. Suppose 4*b + 1384 = 4*q, -3*q + 4*b = -792 - u. List the prime factors of q.
349
Let x(p) = 1512*p - 1111. List the prime factors of x(7).
9473
Let h(p) = -7 + 11*p**2 - 3*p**2 - 2*p - p**3 + 3*p. Let m be (-2 - -6 - 0) + 3. List the prime factors of h(m).
7
What are the prime factors of ((-9)/((-72)/68420))/(0 - (-3)/6)?
5, 11, 311
Suppose f + 15 = -5*t, -2*t = -3*f + 4*f + 9. Let v = -90 + 77. What are the prime factors of (v/t)/(8/176)?
11, 13
Suppose 4 = -5*t + h + 15, -5*t - 3*h = -27. Suppose t*c + 563 = -5*l - 0*l, 3*l = -2*c - 338. What are the prime factors of (42/4)/(((-6)/l)/1)?
2, 7
Suppose -25*l = -33*l + 6104. Let z = -426 + l. What are the prime factors of z?
337
Suppose -4*c = -4*g + 4, g + 2*c + 2 = -6. Let q be (((-9)/(-6))/((-6)/16))/g. What are the prime factors of 164/12 + q/6?
2, 7
Let a(w) = 73*w - 368. Let h be a(-24). Let c = h + 3710. What are the prime factors of c?
2, 3, 5, 53
Let h(j) = -j**3 - 9*j**2 - 5*j - 9. Let w be h(-11). Suppose -4*d + 4*a = -w, 5*a + 27 - 351 = -4*d. What are the prime factors of d?
2, 19
Let h be (-11166)/(-5) + 1*(-3)/15. Suppose 5*k = -4*q + h, -2*q = 4*k + k - 1109. What are the prime factors of q?
2, 281
Let o be (409 + -406)/(3/(-85)*1). Let f = 36 - -107. Let i = o + f. List the prime factors of i.
2, 29
Suppose 2*s = -d + 5, 5*s + 0 = 4*d - 7. Suppose d*h = h. Suppose 5*t - 105 - 215 = h. List the prime factors of t.
2
Suppose 0 = -t - 4*u - 9, 0*t + 1 = -t - 2*u. Let p(c) = -t + 5 - 3*c - 27*c**3 + 0. Wha